vided by 746.
578
Calculate the remainder when 3560 is divided by 1175.
35
Calculate the remainder when 186932 is divided by 563.
16
Calculate the remainder when 11188 is divided by 267.
241
What is the remainder when 837 is divided by 235?
132
Calculate the remainder when 5538 is divided by 437.
294
What is the remainder when 961 is divided by 486?
475
Calculate the remainder when 21783 is divided by 10869.
45
Calculate the remainder when 2043 is divided by 142.
55
What is the remainder when 21941 is divided by 2193?
11
What is the remainder when 632 is divided by 265?
102
Calculate the remainder when 10459 is divided by 317.
315
Calculate the remainder when 293246 is divided by 46.
42
What is the remainder when 84209 is divided by 430?
359
What is the remainder when 38749 is divided by 19370?
9
Calculate the remainder when 2831 is divided by 2812.
19
Calculate the remainder when 1577 is divided by 316.
313
What is the remainder when 2724808 is divided by 10?
8
Calculate the remainder when 54008 is divided by 29.
10
Calculate the remainder when 2712 is divided by 32.
24
Calculate the remainder when 996 is divided by 251.
243
Calculate the remainder when 21137 is divided by 258.
239
Calculate the remainder when 11983 is divided by 427.
27
What is the remainder when 5900 is divided by 1956?
32
Calculate the remainder when 430147 is divided by 43014.
7
Calculate the remainder when 12009 is divided by 286.
283
What is the remainder when 348 is divided by 189?
159
Calculate the remainder when 11497 is divided by 410.
17
What is the remainder when 19397 is divided by 3845?
172
Calculate the remainder when 5866 is divided by 1921.
103
What is the remainder when 142582 is divided by 184?
166
Calculate the remainder when 7613 is divided by 70.
53
What is the remainder when 16552 is divided by 870?
22
Calculate the remainder when 572190 is divided by 73.
16
What is the remainder when 9930 is divided by 191?
189
Calculate the remainder when 1100 is divided by 160.
140
What is the remainder when 20038 is divided by 22?
18
Calculate the remainder when 4007 is divided by 61.
42
What is the remainder when 816907 is divided by 239?
5
What is the remainder when 1081 is divided by 428?
225
What is the remainder when 82034 is divided by 64?
50
What is the remainder when 12554 is divided by 297?
80
What is the remainder when 174913 is divided by 821?
40
What is the remainder when 1617 is divided by 840?
777
Calculate the remainder when 4274 is divided by 356.
2
Calculate the remainder when 37005 is divided by 544.
13
What is the remainder when 234100 is divided by 26?
22
Calculate the remainder when 24663 is divided by 4932.
3
What is the remainder when 126527 is divided by 96?
95
What is the remainder when 795233 is divided by 33?
32
What is the remainder when 1721 is divided by 426?
17
What is the remainder when 5222 is divided by 376?
334
What is the remainder when 6447 is divided by 19?
6
What is the remainder when 19959 is divided by 33?
27
Calculate the remainder when 51082 is divided by 48.
10
Calculate the remainder when 10195 is divided by 181.
59
What is the remainder when 41755 is divided by 1265?
10
Calculate the remainder when 9228 is divided by 171.
165
What is the remainder when 2060881 is divided by 11?
9
What is the remainder when 2821 is divided by 20?
1
Calculate the remainder when 107651 is divided by 19.
16
What is the remainder when 1464 is divided by 145?
14
What is the remainder when 2321 is divided by 40?
1
What is the remainder when 541919 is divided by 120?
119
Calculate the remainder when 351100 is divided by 31918.
2
Calculate the remainder when 23236 is divided by 21.
10
Calculate the remainder when 238797 is divided by 80.
77
What is the remainder when 173745 is divided by 19300?
45
What is the remainder when 796990 is divided by 336?
334
What is the remainder when 542845 is divided by 235?
230
Calculate the remainder when 57547 is divided by 19181.
4
Calculate the remainder when 157872 is divided by 31574.
2
Calculate the remainder when 5874 is divided by 2936.
2
Calculate the remainder when 7414 is divided by 7411.
3
What is the remainder when 953503 is divided by 2?
1
Calculate the remainder when 587792 is divided by 13.
10
Calculate the remainder when 35757 is divided by 20.
17
What is the remainder when 2342 is divided by 2321?
21
What is the remainder when 3134 is divided by 3085?
49
What is the remainder when 1938829 is divided by 19?
12
Calculate the remainder when 39527 is divided by 324.
323
What is the remainder when 160049 is divided by 1026?
1019
What is the remainder when 15451 is divided by 26?
7
Calculate the remainder when 1017446 is divided by 153.
149
Calculate the remainder when 5366274 is divided by 63.
60
Calculate the remainder when 14497 is divided by 389.
104
Calculate the remainder when 134382 is divided by 17.
14
Calculate the remainder when 7520749 is divided by 670.
669
Calculate the remainder when 18427 is divided by 8.
3
Calculate the remainder when 61317 is divided by 5109.
9
Calculate the remainder when 86839 is divided by 86838.
1
What is the remainder when 5383 is divided by 87?
76
What is the remainder when 1764866 is divided by 6?
2
Calculate the remainder when 56604 is divided by 1258.
1252
What is the remainder when 3570 is divided by 204?
102
What is the remainder when 16367 is divided by 16345?
22
What is the remainder when 3233013 is divided by 332?
329
Calculate the remainder when 21395 is divided by 1062.
155
Calculate the remainder when 232370 is divided by 279.
242
Calculate the remainder when 493 is divided by 253.
240
What is the remainder when 2348 is divided by 9?
8
What is the remainder when 906451 is divided by 261?
259
What is the remainder when 27490 is divided by 20?
10
Calculate the remainder when 52602 is divided by 17532.
6
What is the remainder when 311 is divided by 87?
50
What is the remainder when 1778878 is divided by 85?
83
What is the remainder when 934 is divided by 186?
4
Calculate the remainder when 16823 is divided by 276.
263
Calculate the remainder when 9767 is divided by 1249.
1024
What is the remainder when 2098 is divided by 7?
5
Calculate the remainder when 417 is divided by 50.
17
What is the remainder when 40022 is divided by 1668?
1658
Calculate the remainder when 160510 is divided by 44.
42
What is the remainder when 4255965 is divided by 258?
255
What is the remainder when 16494 is divided by 919?
871
Calculate the remainder when 5227 is divided by 652.
11
Calculate the remainder when 74049 is divided by 903.
3
What is the remainder when 52280 is divided by 26132?
16
Calculate the remainder when 21275 is divided by 17.
8
What is the remainder when 62599 is divided by 18?
13
Calculate the remainder when 2998 is divided by 332.
10
Calculate the remainder when 7607 is divided by 3794.
19
What is the remainder when 696157 is divided by 8?
5
Calculate the remainder when 998 is divided by 113.
94
Calculate the remainder when 60149 is divided by 6012.
29
What is the remainder when 850 is divided by 407?
36
What is the remainder when 1866 is divided by 57?
42
What is the remainder when 99154 is divided by 49480?
194
What is the remainder when 14052 is divided by 3490?
92
What is the remainder when 36541 is divided by 366?
307
Calculate the remainder when 11075 is divided by 460.
35
Calculate the remainder when 14362 is divided by 171.
169
What is the remainder when 3069 is divided by 365?
149
Calculate the remainder when 1421785 is divided by 16.
9
Calculate the remainder when 1811 is divided by 19.
6
Calculate the remainder when 7556 is divided by 1248.
68
Calculate the remainder when 384084 is divided by 19.
18
What is the remainder when 716 is divided by 321?
74
What is the remainder when 5368 is divided by 76?
48
Calculate the remainder when 52193 is divided by 696.
689
Calculate the remainder when 191217 is divided by 95604.
9
Calculate the remainder when 7788646 is divided by 537.
535
Calculate the remainder when 114958 is divided by 6762.
4
What is the remainder when 522448 is divided by 450?
448
Calculate the remainder when 116745 is divided by 23.
20
What is the remainder when 397328 is divided by 66?
8
Calculate the remainder when 2711 is divided